 be y(0). What is the tens digit of m(t)?
2
Let l be 21 + 8*(11/(-2))/(-11). Suppose 18*b + 8155 = l*b. What is the tens digit of b?
6
Let w(h) = 548*h - 180. What is the hundreds digit of w(2)?
9
Suppose 44145 = 23*g - 499345. What is the units digit of g?
0
Let a = 13 + -62. Suppose 48*m = 38*m + 40. Let r = m - a. What is the tens digit of r?
5
Let u(k) = 2*k**2 - 112*k + 3286. What is the ten thousands digit of u(-127)?
4
Let c be (-1 + (-2)/10)/(9/(-30)). Let n be ((-11)/c)/(4/16). What is the tens digit of 26*9/6 + 13 + n?
4
Let s(h) = h**3 - 15*h**2 + 23*h + 13. Suppose 2*w = -d + 23, -5*d - 5*w + 44 = -51. What is the units digit of s(d)?
8
Let k = -464 + 462. Let a(y) = 302*y**2 + 8*y + 17. What is the thousands digit of a(k)?
1
Suppose -19*g + 17*g - 6 = 0. Let v(r) = -161*r**3 - 5*r. Let x(m) = 162*m**3 + m**2 + 4*m. Let n(o) = g*x(o) - 2*v(o). What is the units digit of n(-1)?
3
Let r be (-3)/(-54)*58 + (-2)/9. Suppose r*n - 32 = -f - n, n = 4*f - 162. What is the units digit of f?
0
Suppose -2*c + 5 = -c + 3*d, -5 = -c + 2*d. Suppose -108 = -c*z + 32. What is the units digit of 1*(-5 + 1 + z)?
4
Let m(t) = -5*t - 196. Let x be m(-36). Let u(k) = k**3 + 18*k**2 - 19*k - 14. What is the tens digit of u(x)?
0
Let u(q) = q**3 - q**2 - q. Let h(p) = -79*p**3 + 4*p**2 + 6*p + 1. Let k(o) = h(o) + 5*u(o). What is the units digit of k(-1)?
3
Let o be -2 + 685 + (-1 - 2). Suppose 21*n = 26*n - o. Let m = 147 - n. What is the units digit of m?
1
Suppose -13*d + 17566 + 6030 + 1884 = 0. What is the thousands digit of d?
1
Let v = -142 - 104. Let g = 196 - v. What is the hundreds digit of g?
4
Let m = 71 + -63. Suppose b + 112 = m*b. Suppose -11*w = -b*w + 715. What is the hundreds digit of w?
1
Suppose -3*g + w + 29727 = 0, 5*w + 3 = 33. What is the hundreds digit of g?
9
Let a(v) be the third derivative of -1/120*v**6 + 1/3*v**3 - 1/24*v**4 + 0 + 20*v**2 + 0*v - 1/10*v**5. What is the units digit of a(-6)?
8
Let o be 3 - 3*101/3. Let r be -2 + (-21)/(-9) - o/3. Suppose 6*b = 5*b + r. What is the tens digit of b?
3
Let g be (5 - -1)/1 + (-1 - -3). Suppose g*i = 13*i - 2320. Suppose 0 = -2*o + i - 102. What is the units digit of o?
1
Let t = 8216 + -7559. What is the units digit of t?
7
Let o(m) be the third derivative of 13*m**4/24 + 5*m**3/3 + 147*m**2. Suppose 0 = -2*y + 8 - 0. What is the units digit of o(y)?
2
Let j(a) = 2*a**2 - 2*a - 7. Let u be j(3). Suppose 5*d - 805 - 166 = -4*s, 4*d + 1183 = u*s. Let f = -157 + s. What is the units digit of f?
2
Suppose 19*c - 22*c + 18 = 0. Let r(s) = s**2 - 6*s - 1. Let b be r(c). What is the units digit of 1*15 - (b - -3)?
3
Let s(w) = -8*w + 357. Let k(v) = v**3 - 63*v - 14. Let a be k(-8). What is the units digit of s(a)?
3
Suppose 4*y - b - 179 = 0, 0 = -y - b - 2*b + 61. Let w = 47 - y. What is the units digit of w/3*-3 - -83?
2
Let m(d) = -1528*d + 1473. What is the ten thousands digit of m(-6)?
1
What is the tens digit of (-2493309)/(-26)*8/28?
9
Suppose 202 - 27 = -5*g. Let x = g - -35. Let z(h) = -h**3 - h**2 + 2*h + 94. What is the units digit of z(x)?
4
Let k be (3 + -2)*(-2 - -5). Suppose -18 = -k*m + 4*v + 9, -4*v = -5*m + 37. Suppose -42 = c - m*h - 234, -2*h - 2 = 0. What is the hundreds digit of c?
1
Let y = -53 + 56. Let q be ((-2)/y)/(40/15 + -2). What is the units digit of q + 4 + 66/11?
9
Suppose 74*h - 50*h = 211368. What is the tens digit of h?
0
Let g(y) = -4*y + 28. Let h be g(6). Let c(v) = -37*v + 2. Let q be c(h). Let j = 266 + q. What is the hundreds digit of j?
1
Let h(f) = 64*f**3 - 6*f**2 - 7*f + 34. What is the units digit of h(7)?
3
Let q be -3 - (-1)/2*10. Suppose 5*o + 30 = -q*s, -o + 3 = -2*o - s. Let y(p) = 2*p**2 + 11*p + 11. What is the units digit of y(o)?
1
Let i(j) be the first derivative of -j**4/4 - 26*j**3/3 + 11*j**2/2 + 32*j - 95. What is the tens digit of i(-27)?
6
Let j be (-34)/(-68)*(-2 - -2)/1. Suppose j = 18*u - 16*u - 1080. What is the hundreds digit of u?
5
Let j(l) = -l**3 + 11*l**2 + 26*l - 14. Let k(s) = 2*s**2 + 17*s - 3. Let y be k(-9). What is the units digit of j(y)?
2
Let i(r) = r**2 - 26*r + 53. Let u be i(26). Let c = 154 - u. What is the hundreds digit of c?
1
Suppose -14*w + 3 + 25 = 0. Suppose -2045 = -3*r + 5*c, w*r - 7*c = -4*c + 1362. What is the units digit of r?
5
Suppose 46*j + 74957 - 592733 = 0. What is the tens digit of j?
5
Let g(j) = 35*j - 262. Let u(s) = -2*s - 3. Let q(y) = -g(y) - 3*u(y). What is the tens digit of q(9)?
1
Suppose -2*w + 18*y - 14*y + 124 = 0, -4*w + 5*y = -263. Let b(k) = k**2 - 9*k - 8. Let f be b(7). Let r = w + f. What is the units digit of r?
0
What is the units digit of 19/(114/30)*1611?
5
Let w = -128 - -114. What is the hundreds digit of (-5052)/w - 78/91?
3
Suppose -4*p - 17 = -37. Let h(z) = p*z + 0*z**2 - 25*z - 6 + z**2. What is the tens digit of h(24)?
9
Let p(g) be the first derivative of g**4/4 - 2*g**3/3 + g**2/2 + g - 18. Let r be p(0). Suppose 2*c = 17 + r. What is the units digit of c?
9
Let x(t) = -t**3 - 26*t**2 + 68*t + 51. What is the hundreds digit of x(-32)?
0
Let f(v) = 78*v. Let p = -4 - -46. Let o = p + -39. What is the hundreds digit of f(o)?
2
Suppose 56*n - 40 = 51*n. Let f(a) = 24*a - 10. What is the units digit of f(n)?
2
Let y = -147 - -18. Let j(t) = t**3 + 3*t**2 - 6. Let z be j(5). Let r = y + z. What is the units digit of r?
5
Let p(m) = 40*m**3 - m**2 + 2*m. Let b be p(-2). Let w = -228 - b. Suppose -2*f = -86 - w. What is the tens digit of f?
9
Let f = -103 - -110. Let a = f + 73. What is the units digit of a?
0
Let w = -8037 - -11389. Suppose -5*l - 3*v = -w, 4*l - 6*v - 2680 = -8*v. What is the hundreds digit of l?
6
Let f(o) = -o**3 - 7*o**2 - 4*o + 17. Let h be f(-7). Let s = 12 + h. Suppose 3*k + b - s = 0, -3*b + 69 = 3*k - 6*b. What is the units digit of k?
0
Let k(o) = o**3 - 2*o**2 + o - 2. Let x be k(2). What is the tens digit of (4 + x)/(5918/(-658) - -9)?
5
Let j(f) be the first derivative of 1/3*f**3 + 12 - 28*f - 5/2*f**2. What is the tens digit of j(10)?
2
Let c = -131 - -61. Let w = 22 + -7. What is the tens digit of 3/(w/(-5))*c?
7
Let q(n) = 12*n + 39. Let j be q(-3). Suppose -2822 = -4*t - 2*z, 4*z = 3*z - j. What is the hundreds digit of t?
7
Suppose 0 = 2*y - 10, 4*r + 0*y - 2466 = -2*y. Let s = -261 + r. What is the tens digit of s?
5
Suppose 2*q = -10*q - 24. Let n = 416 + -268. Let h = n + q. What is the hundreds digit of h?
1
Let j(s) be the second derivative of -s**5/20 + 11*s**4/6 - 31*s**3/6 + 11*s**2/2 + 109*s. What is the thousands digit of j(16)?
1
Suppose 0 = -u + 3, -g + 2*u + 179 = 4*g. Let r = g - 34. Suppose -s - 5*v = 37 - 200, 155 = s - r*v. What is the tens digit of s?
5
Let y(f) = -16*f + 14. Let b be y(6). Let i = 85 + b. Suppose 0 = -3*t - 4*o + 1 + 12, i*t = -5*o + 8. What is the tens digit of t?
1
Suppose 7 = -2*h - 9. Let b be 1*0/(h/2). Suppose b*d + d - 29 = 0. What is the units digit of d?
9
Let w(c) = 12*c - 101. Let m be w(8). Let b(j) = 13*j - 8*j + 4*j**2 + 9 - 3*j**2. What is the units digit of b(m)?
9
Let k = 230 + -227. What is the hundreds digit of (0*(-3)/k + 1)*137?
1
Suppose -5*b + 2109 = k + 3*k, -3*k = b - 1568. Suppose 5*y + k = 5*w - 574, 3*w - 5*y = 651. What is the units digit of w?
2
Suppose 5*n + 2945 = 5*k + 575, 3*n + 944 = 2*k. Let y = k + 208. What is the hundreds digit of y?
6
Suppose 18*n - 22*n = -44. Suppose -8*j = -n*j + 12. Suppose -j = 5*p - 19. What is the units digit of p?
3
Let j be 2/(-2 - 0) - -3. Suppose 4*t + 3 = 3*v, 2*t - 6*t + 22 = j*v. Suppose 2*s - 43 = -4*a + 65, t*s + 5*a = 164. What is the units digit of s?
8
What is the units digit of ((-153)/(-27) - 7)*-2472?
6
What is the tens digit of (14/(-420)*-15)/((-2)/(-4)) - -6809?
1
Suppose 5*h + 2*a + 7 = 0, 2*h - 3*a + 18 = -0. Let t be ((-99)/(-44))/(h/(-56)). Suppose 0 = d - 35 - t. What is the units digit of d?
7
Suppose -2 + 0 = -o. Suppose -o*u = -3 - 3. Suppose -5 = u*f - 164. What is the units digit of f?
3
Suppose 4*h + 4*g - 236 = -1024, -206 = h - 2*g. Let q = h - -202. What is the units digit of q?
2
Suppose -d + 22 = 7. Suppose -d*l = -21*l + 1590. What is the units digit of l?
5
Suppose -4*b - 67*n = -65*n - 217990, -3*n = 27. What is the thousands digit of b?
4
Suppose -899*c + 911*c = 102396. What is th